{"id":2,"date":"2013-10-14T20:36:52","date_gmt":"2013-10-14T20:36:52","guid":{"rendered":"http:\/\/jong.dk\/fond\/?page_id=2"},"modified":"2025-02-24T20:36:31","modified_gmt":"2025-02-24T19:36:31","slug":"om-jong","status":"publish","type":"page","link":"https:\/\/jong.dk\/fond\/om-jong\/","title":{"rendered":"Om Jong"},"content":{"rendered":"\n<div class=\"wp-block-columns is-layout-flex wp-container-core-columns-is-layout-9d6595d7 wp-block-columns-is-layout-flex\">\n<div class=\"wp-block-column is-layout-flow wp-block-column-is-layout-flow\" style=\"flex-basis:33.33%\">\n<figure class=\"wp-block-image size-full\"><a href=\"https:\/\/jong.dk\/fond\/wp-content\/uploads\/2013\/10\/jong.jpg\"><img loading=\"lazy\" decoding=\"async\" width=\"438\" height=\"563\" src=\"https:\/\/jong.dk\/fond\/wp-content\/uploads\/2013\/10\/jong.jpg\" alt=\"jong\" class=\"wp-image-8\" srcset=\"https:\/\/jong.dk\/fond\/wp-content\/uploads\/2013\/10\/jong.jpg 438w, https:\/\/jong.dk\/fond\/wp-content\/uploads\/2013\/10\/jong-233x300.jpg 233w\" sizes=\"auto, (max-width: 438px) 100vw, 438px\" \/><\/a><\/figure>\n<\/div>\n\n\n\n<div class=\"wp-block-column is-layout-flow wp-block-column-is-layout-flow\" style=\"flex-basis:66.66%\">\n<p>Navn: Kam Kwan Jong<br>Grad: 6. dan<br>F\u00f8dt: 1958 i Hong Kong<br>D\u00f8d: 2011 i Aarhus<\/p>\n<\/div>\n<\/div>\n\n\n\n<p><strong>Taekwondo erfaring:&nbsp;<\/strong><br>\nJeg er f\u00f8dt og opvokset i Hong Kong, hvor jeg begyndte at tr\u00e6ne Tai Chi hver morgen kl. 06 i et gammelt tempel hvor min mormor var tilknyttet. Som 12-\u00e5rig begyndte jeg at tr\u00e6ne Shaolin Kung Fu (Hung Ga og Wung Shu) og mange af mine klassekammerater tr\u00e6nede ogs\u00e5 forskellige kampsportsgrene som Karate, Kung Fu, Thaiboxing, Taekwondo osv. Kamsport var aldrig nok for mig \u2013 imens jeg tr\u00e6nede Kung Fu 3 gange om ugen og Karate 2 gange om ugen, var jeg ogs\u00e5 sv\u00f8mmeinstrukt\u00f8r og deltog tit i marathonsv\u00f8mning. Det var et lidt h\u00e5rdt program at b\u00e5de passe skole og tr\u00e6ning, s\u00e5 jeg var n\u00f8dt til at droppe Karate, hvori jeg har brunt b\u00e6lte.<\/p>\n\n\n\n<p>Taekwondo var for alvor i gang i 1972 og en af mine klassekammerater som tr\u00e6nede ITF Taekwondo ved YMCA spurgte mig, om jeg ikke havde lyst til at kigge forbi, og se hvad de lavede. Fra den dag begyndte jeg at tr\u00e6ne Taekwondo og har gjort det lige siden. S\u00e5 jeg tr\u00e6nede Kung Fu og Taekwondo og arbejdede som stuntmand i kung fu B-film. Det var meget sjovt og man tjente 2 kr. per scene, men husk \u2013 det var mange penge dengang! Det var fuld kontakt og n\u00e5r stjernerne spurgte om det \u201cgjorde ondt\u201d skulle man altid sige nej, ellers blev man fyret med det samme!<\/p>\n\n\n\n<p>I 1976 rejste jeg til Holland for at bes\u00f8ge min familie og der m\u00f8dte jeg Master Lee og Grandmaster Kyoung-An Choi i min families restarurant. Dengang var Master Choi landstr\u00e6ner i Danmark og han pr\u00e6senterede WTF for mig. Jeg rejste derefter rundt i Europa og i 1978 kom jeg til Danmark, hvor jeg m\u00f8dte min kone og slog mig ned. I 1980 fik vi en datter, Mimi, som ogs\u00e5 tr\u00e6ner Taekwondo og har 2. dan.<\/p>\n\n\n\n<p>Jeg startede i \u00c5rhus Taekwondo Klub, hvor jeg ogs\u00e5 var instrukt\u00f8r og stiftede i 1981 Odder Taekwondo som havde over 70 medlemmer. I 1985 flyttede min familie og jeg til Skive, hvor jeg var instrukt\u00f8r i Skive Taekwondo Klub frem til 1996. Herefter flyttede vi tilbage til \u00c5rhus, hvor jeg var instrukt\u00f8r i Viby Taekwondo Klub indtil 2006. Jeg har ogs\u00e5 v\u00e6ret aktiv kamp- og teknikdommer samt undervist i mange forskellige klubber i Jylland.<\/p>\n\n\n\n<p>Jeg har altid haft stor interesse i kamp og var selv k\u00e6mper i nogle \u00e5r. Jeg har ogs\u00e5 v\u00e6ret instrukt\u00f8r p\u00e5 p\u00e5ske- og sommerlejre samt danfortr\u00e6ningsinstrukt\u00f8r i mange \u00e5r. I 2005 var jeg p\u00e5 Kukkiwon International instrukt\u00f8rkursus i Korea og i dag sidder jeg i Teknisk Udvalg hos forbundet med Axel Trillingsgaard som leder.<\/p>\n\n\n\n<p><strong>Uddannelse og arbejde<\/strong><br>\nJeg har gennem tiderne haft alle mulige jobs som bl.a. specialarbejder p\u00e5 en fabrik, tjener, selvst\u00e6ndig restaurantejer, m\u00f8bels\u00e6lger osv. Men jeg blev senere uddannet som p\u00e6dagog arbejdede efterf\u00f8lgende i en b\u00f8rnehave.<br>\nMen som 34-\u00e5rig i 1992 fik jeg desv\u00e6rre konstateret kronisk leuk\u00e6mi og har k\u00e6mpet mod sygdommen siden da. Den var ikke s\u00e5 aggressiv i begyndelsen, men det har v\u00e6ret h\u00e5rdt med de mange kemo-kure hvert \u00e5r. Efter endt behandling er jeg dog altid kommet i form igen og g\u00e5et p\u00e5 arbejde, tr\u00e6net og undervist i Taekwondo.<br>\nSygdommen blev dog mere og mere voldsom og i 2006 m\u00e5tte jeg g\u00e5 p\u00e5 f\u00f8rtidspension. Min st\u00e6rkeste vilje er at leve, og jeg vil k\u00e6mpe videre og forts\u00e6tte med at tr\u00e6ne, undervise, v\u00e6re dommer og r\u00e5dgive. Altafg\u00f8rende er mit helbred.<\/p>\n\n\n\n<p><strong>Interesser<\/strong><br>\nTaekwondo er ikke bare en livsstil, men mit k\u00f8d og blod. Jeg elsker at tr\u00e6ne og undervise og arbejde med mennesker, det motiverer mig til at forts\u00e6tte. Jeg kigger p\u00e5 hvordan hver enkelt ud\u00f8vers stil og kropsbygning er, og hvad deres behov er for at forbedre deres teknik. Derfor arbejder jeg meget med teknik b\u00e5de indenfor kamp og Poomse, hvordan man kan g\u00f8re det bedre eller mere effektivt osv. Det er vigtigt for mig at holde mig aktiv og opdateret med Taekwondos udvikling.<\/p>\n\n\n\n<p><strong>Fremtid<\/strong><br>\nSelvom min krop ikke altid er p\u00e5 toppen, s\u00e5 br\u00e6nder min sj\u00e6l for Taekwondo og det er mit \u00f8nske at inspirere andre til at k\u00e6mpe for sine m\u00e5l og derfor har jeg oprettet \u201dJongs Taekwondo Fond\u201d.<br>\nForm\u00e5let med fonden er at st\u00f8tte klubberne med f.eks. pokaler til \u201cbedste fighter\/tekniker\u201d og lign. til begynder-\/talent- og momb\u00e6ltest\u00e6vner.<br>\nJeg \u00f8nsker at fonden vil styrke interessen og motivationen til at have det sjovt og v\u00e6re stolt af sin tr\u00e6ning. En lille st\u00f8tte som kan g\u00f8re en stor forskel.<\/p>\n\n\n\n<p><strong>Epilog<\/strong><br>\nJong sov stille ind natten til s\u00f8ndag d. 12. juni 2011 efter mange \u00e5rs kamp mod hans sygdom.<\/p>\n","protected":false},"excerpt":{"rendered":"<p>Navn: Kam Kwan JongGrad: 6. danF\u00f8dt: 1958 i Hong KongD\u00f8d: 2011 i Aarhus Taekwondo erfaring:&nbsp; Jeg er f\u00f8dt og opvokset i Hong Kong, hvor jeg begyndte at tr\u00e6ne Tai Chi hver morgen kl. 06 i et gammelt tempel hvor min mormor var tilknyttet. Som 12-\u00e5rig begyndte jeg at tr\u00e6ne Shaolin Kung Fu (Hung Ga og [&hellip;]<\/p>\n","protected":false},"author":2,"featured_media":0,"parent":0,"menu_order":30,"comment_status":"closed","ping_status":"closed","template":"","meta":{"ngg_post_thumbnail":0,"footnotes":""},"class_list":["post-2","page","type-page","status-publish","hentry"],"_links":{"self":[{"href":"https:\/\/jong.dk\/fond\/wp-json\/wp\/v2\/pages\/2","targetHints":{"allow":["GET"]}}],"collection":[{"href":"https:\/\/jong.dk\/fond\/wp-json\/wp\/v2\/pages"}],"about":[{"href":"https:\/\/jong.dk\/fond\/wp-json\/wp\/v2\/types\/page"}],"author":[{"embeddable":true,"href":"https:\/\/jong.dk\/fond\/wp-json\/wp\/v2\/users\/2"}],"replies":[{"embeddable":true,"href":"https:\/\/jong.dk\/fond\/wp-json\/wp\/v2\/comments?post=2"}],"version-history":[{"count":6,"href":"https:\/\/jong.dk\/fond\/wp-json\/wp\/v2\/pages\/2\/revisions"}],"predecessor-version":[{"id":116,"href":"https:\/\/jong.dk\/fond\/wp-json\/wp\/v2\/pages\/2\/revisions\/116"}],"wp:attachment":[{"href":"https:\/\/jong.dk\/fond\/wp-json\/wp\/v2\/media?parent=2"}],"curies":[{"name":"wp","href":"https:\/\/api.w.org\/{rel}","templated":true}]}}